 + 2461 = 3*l + f. Let h be ((-12)/9)/((-3)/(-9)). Let j be l/65 + h/(-10). Calculate the highest common divisor of j and 117.
13
Let f(b) = b**2 - 15*b - 6. Let g be f(15). Let n(l) = 3*l**2 + 16*l. Let w be n(g). Calculate the greatest common divisor of w and 108.
12
Let c = 42 + -174. Let a = -67 - c. Suppose -2*v = -3*v + 13. What is the highest common divisor of v and a?
13
Suppose p + 4 = 2*p. Let l be (p + 3*10)*2. What is the highest common factor of 17 and l?
17
Suppose 5*s + 55*q - 57*q - 61 = 0, 3*q + 33 = 3*s. Calculate the highest common divisor of s and 2353.
13
Suppose -5*w - 4*t + 16 = 0, 0 = 5*t - 0 + 5. Suppose 98 = 10*k + w*k. Calculate the highest common factor of k and 1.
1
Let k(z) = 4*z + 44. Let b be k(23). Suppose -b - 98 = -9*o. What is the greatest common divisor of o and 13?
13
Let f(b) = 3*b**3 - 6*b**2 - 2. Let z be f(3). What is the highest common factor of z and 50?
25
Suppose 0 = -5*o - n + 120, -24 = -o + 80*n - 79*n. What is the highest common divisor of o and 1068?
12
Suppose 0 = 14*q - 145 - 261. What is the highest common divisor of 232 and q?
29
Let c be (2 + 5/(-4))/((-1)/(-88)). Let i = 105 - c. What is the highest common factor of 13 and i?
13
Suppose 0 = a - 2, 3*a + 522 = l + 8*a. What is the greatest common divisor of 16 and l?
16
Let q be ((-1155)/22)/(-15)*(-40)/(-14). Calculate the highest common factor of 370 and q.
10
Let x = -65 - -137. Let s be (-2)/8 + (-147)/(-12) + -6. What is the greatest common divisor of x and s?
6
Suppose -5 = -5*z + 4*z. Suppose 0 = 11*n - 7*n - 3*y - 92, -2*n + 20 = z*y. What is the greatest common factor of n and 180?
20
Suppose -162 = -3*j + 4*j + 2*q, 5*q = 4*j + 609. Let r = j + 219. What is the highest common factor of r and 21?
21
Suppose -146*y + 1280 = -126*y. Calculate the highest common divisor of 8 and y.
8
Let x = 11 + -8. Let m(w) = -w**3 - 15*w**2 - 28*w - 408. Let i be m(-15). Calculate the greatest common divisor of i and x.
3
Let m(f) = -105*f - 258. Let g be m(-3). Calculate the greatest common divisor of g and 456.
57
Let y(s) = -s + 12 + 0 - s. Suppose -39 = 220*d - 216*d + 3*f, 0 = d + 4*f + 13. Let h be y(d). What is the greatest common divisor of h and 150?
30
Let k(n) = 3*n - 20. Let l(b) = 2*b - 10. Let d(w) = -3*k(w) + 5*l(w). Let z be d(-4). Calculate the greatest common factor of z and 15.
3
Suppose -11*l = -12*l + 153. Let k be (-1)/2 + (-130)/(-4). Let o = -15 + k. What is the highest common divisor of l and o?
17
Suppose t - 3*t - 148 = -4*f, -3*f - t = -106. Calculate the greatest common divisor of 96 and f.
12
Let c = -267 + 281. Calculate the greatest common factor of 42 and c.
14
Let m = -5 - -9. Let x = -173 - -183. Calculate the greatest common factor of x and m.
2
Let k(h) = 1. Let a(f) = -4*f - 18. Let c(r) = a(r) + 5*k(r). Let u be 16/(-6)*36/16. Let i be c(u). What is the greatest common factor of 44 and i?
11
Let j(q) = -q**3 + 9*q**2 + 15*q - 20. Let i be j(10). Calculate the greatest common factor of i and 6.
6
Suppose -4*b = 3*h - 479, -b - 51 = -47. What is the highest common factor of h and 60?
15
Let v be (11/(-33))/((-1)/12). Let a be 70/v + (-4)/(-8). What is the greatest common factor of a and 2?
2
Let f = 2272 + -976. What is the highest common factor of 192 and f?
48
Let c = -16 + 21. Let d(k) = 17*k**2 + 4*k - 1. Let y be d(5). Suppose 4*x = -3*m + 272, -c*m - 3*x + 24 = -y. What is the greatest common divisor of m and 12?
12
Suppose -4 = -d, 2*d = o - 538 - 7. Calculate the greatest common divisor of 79 and o.
79
Let o(v) be the first derivative of -v**3/3 + 5*v**2 - 12*v + 1. Let p be o(6). What is the highest common factor of 18 and p?
6
Let c be 460/25 - 9/(-15). Suppose 5*l + c - 54 = 0. Let m(g) = -g**3 + 7*g**2 + g + 4. Let v be m(l). What is the highest common factor of v and 11?
11
Suppose -86*i + 87*i - 23 = -2*t, -3*t - 3 = -i. Calculate the greatest common divisor of 93 and i.
3
Let k = -543 - -950. Calculate the greatest common factor of k and 37.
37
Suppose x = -5 + 170. Let s(k) = -6*k - 12. Let q be s(-13). What is the highest common divisor of x and q?
33
Let t(z) be the second derivative of z**5/20 - z**4/4 + z**3/3 + z**2 + 5*z. Let k be t(-4). Let v = k - -302. What is the greatest common divisor of v and 23?
23
Let s(h) = 17*h**2 + 3*h - 17. Let c be s(4). Calculate the highest common factor of 3 and c.
3
Suppose 5*q + 248 = w - 137, -w + 435 = 5*q. What is the highest common divisor of w and 246?
82
Let a(w) = w**3 - 7*w**2 - 18*w + 138. Let b be a(7). What is the greatest common factor of 192 and b?
12
Let w be (16/10)/4 + 65/25. What is the greatest common factor of 51 and w?
3
Let z = -384 - -484. Calculate the greatest common factor of 20 and z.
20
Let x = -1089 - -1116. Suppose -2*b + 34 = -70. Let w be (-4)/(-6) + b/3. What is the highest common divisor of w and x?
9
Let o(k) = -2*k**2 - k + 9. Let b be o(5). Let h = -42 - b. Calculate the highest common divisor of 10 and h.
2
Suppose 0 = -3*p - 120 + 36. Let a = p + 30. Let r be ((-39)/3)/((-2)/a). Calculate the highest common divisor of 91 and r.
13
Let k be 1*-423*(-9 + (-78)/(-9)). Calculate the highest common factor of 235 and k.
47
Suppose -6 + 44 = 2*a. Let n(z) = z**3 - 6*z**2 + 2*z + 8. Let y be n(8). Calculate the greatest common factor of a and y.
19
Let k = 327 - 175. Calculate the greatest common factor of k and 57.
19
Suppose 240*s = 248*s - 360. What is the highest common factor of 36 and s?
9
Let g = 46 + -43. Let p be (-1)/g + 217/3. What is the highest common divisor of 8 and p?
8
Suppose -4*u = -3*x - 135, -2*u = -7*u - 2*x + 186. Calculate the highest common divisor of 1116 and u.
36
Let g(p) = -11*p**3 - p. Let j be g(-1). Suppose -2*w + j = -5*d, 2*w + 4*d = d + 28. What is the greatest common divisor of 121 and w?
11
Let y be (-4)/26 - (-4837)/91. Calculate the highest common factor of 53 and y.
53
Let m = 512 + -369. Calculate the highest common factor of 52 and m.
13
Suppose -2*f = -3*j + 5, 3 = -5*f - j + 16. Let i(l) = -l + 19. Let y be i(8). Let u be 34/187 + 3*58/y. Calculate the highest common divisor of u and f.
2
Let l be 0 + 0 + 12 + 10. Let f be (381/(-9) - -2)*-6. What is the highest common factor of l and f?
22
Let z = 4 - -8. Suppose -4 = -4*l, 4*x + 2*l + 0*l = 2. Suppose x*j + 24 = j. What is the greatest common factor of z and j?
12
Suppose 84 = 4*j - 4*g, -2*j = 2*j - 2*g - 74. Calculate the highest common factor of j and 208.
16
Let z be (-5)/((-20)/8) - (2 - 2). Suppose z*l - 684 = 20. What is the greatest common factor of l and 32?
32
Let u(v) = v**3 + 18*v**2 - 9*v - 160. Let m be u(-16). What is the highest common factor of 16 and m?
16
Let k(x) = -5*x + x + 2 - 6 + 5*x. Let r be k(4). Suppose r = -5*w - 32 + 192. What is the greatest common divisor of 48 and w?
16
Let q(c) = -c**3 + 43*c**2 - 68*c + 49. Let k be q(41). Calculate the greatest common factor of 178 and k.
89
Let s = -247 + 269. What is the highest common factor of s and 66?
22
Suppose -422*i = -430*i + 120. Calculate the highest common factor of i and 135.
15
Suppose -44 = -5*n + 166. What is the greatest common divisor of n and 168?
42
Let r be 10*((-6)/(-4) + -1). Suppose 0*q - 2*q - 12 = 3*k, -27 = 4*k - q. Let u(i) = -4*i - 9. Let t be u(k). What is the highest common factor of t and r?
5
Suppose -32*m = -31*m + 641. Let y = -452 - m. What is the greatest common factor of 27 and y?
27
Let c(a) = 0*a**2 - 35*a + 27*a + a**2 + 1. Let j be c(10). Calculate the greatest common divisor of 21 and j.
21
Let u = -1698 - -2268. What is the greatest common factor of u and 180?
30
Let g be (12/(-20))/((-21)/105). What is the highest common factor of g and 192?
3
Let x(a) = a**3 + 452*a**2 - a + 2 - 452*a**2. Let p be x(2). Calculate the highest common factor of 2 and p.
2
Suppose -5*l = -3*c - 0*c - 89, c = 5*l - 93. Suppose 5*q - 196 = -2*f + f, 0 = -5*q + 25. Calculate the highest common factor of l and f.
19
Let x(o) = -o + 2*o - 2*o - o. Let r be x(-3). Suppose 4*p - 26 = -2. What is the highest common factor of r and p?
6
Let y = -81 - -14. Let c = y - -166. What is the highest common factor of 11 and c?
11
Let c(d) = -d**3 + 14*d**2 + 6*d + 36. Let h be c(15). Let p = -67 - h. Calculate the highest common divisor of 288 an